vided by ((-1)/(-2))/(9/q)?
0
Let f = -55 - -36. Suppose -41 + 39 = d. Calculate the remainder when 37 is divided by 2*f*d/4.
18
Suppose 58 = -k + 3*k + 2*q, -3*k + 2*q + 67 = 0. Suppose 2*n + 3*d = 7*n - 23, 51 = 5*n + 4*d. What is the remainder when k is divided by n?
4
Let q(o) = 12*o**2 + o**3 - o**3 - 3*o**3 - 15*o**2 + 1 - o. Suppose 2*v + 2 = -2. What is the remainder when 59 is divided by q(v)?
14
Let n(z) = 2*z + 2. Let l be n(-1). Let x(d) = -d + 2. Let v be x(l). Let y(p) = 3*p - 1. Calculate the remainder when 8 is divided by y(v).
3
Let f(i) = 348*i**2 - 15*i - 15. Let b(t) = 175*t**2 - 7*t - 7. Let o(j) = 13*b(j) - 6*f(j). Calculate the remainder when o(1) is divided by 62.
61
Calculate the remainder when 762 is divided by ((-24)/9)/4 - (-3619)/33.
108
Let b(k) = 68*k**2 - 325*k + 6. What is the remainder when b(5) is divided by 21?
18
Suppose 0 = -5*n + 2*l + 64, n - 10 = 4*l - 5*l. Suppose -4*k + 36 = -n. What is the remainder when 22 is divided by k?
10
Let v(n) = 254*n + 5. What is the remainder when 819 is divided by v(0)?
4
Let q(h) = 61*h**2 + 11*h - 6. Calculate the remainder when q(3) is divided by 34.
32
Let z(v) = 42*v + 542. Calculate the remainder when 90 is divided by z(-12).
14
Let c = 863 - 190. What is the remainder when c is divided by 45?
43
Let r(t) = 11 - 11 + 8*t + 22 + 87. What is the remainder when 21 is divided by r(-13)?
1
Suppose -22 - 166 = -o. Suppose -269*h + 248*h = -798. Calculate the remainder when o is divided by h.
36
Suppose 5*z - 2514 = q - 174, -z - 5*q + 468 = 0. Suppose 0*l = -6*l + z. Calculate the remainder when l is divided by 20.
18
Let q = -47 + 56. Suppose -44 = -2*c + 26. What is the remainder when c is divided by q?
8
Let t = 14 + -6. What is the remainder when 30 is divided by (-12)/(-8)*t - 4?
6
Suppose -1 = -y + 5. Suppose 20 = y*h - h. Suppose 0 = 4*b + 4*o - 44, -3*o - 30 = -h*b - 0*o. What is the remainder when b is divided by 5?
4
Let p = -79 - -186. What is the remainder when 424 is divided by p?
103
Suppose -1120 = -284*d + 268*d. What is the remainder when 1188 is divided by d?
68
Let w be (1 - -8)/(24/16). Suppose -4*t = w - 54. What is the remainder when 16*(t/8 - 1) is divided by 3?
2
Suppose n + o + 1 = 4, 17 = -n - 5*o. Suppose -4*q + 3*v = 18, -2*v = 2*v + n. Calculate the remainder when ((-20)/(-6))/((-1)/q) is divided by 11.
9
Suppose 5*d - 198 = -3*p, 0 = p - 4*p - 3*d + 198. What is the remainder when p is divided by 14?
10
Suppose -637*c = -4*w - 641*c + 72, -4*c = -w + 13. What is the remainder when 1849 is divided by w?
13
Suppose -287 = -4*q + 4*p - p, -5*q = -2*p - 357. What is the remainder when 141 is divided by q?
70
Let d = 1 - -2. Let p(t) = -t**2 + 12*t - 17. Calculate the remainder when 39 is divided by p(d).
9
Let f(t) = -t + 13. Let j be f(-7). Let d = j - 8. What is the remainder when 23 is divided by d?
11
Let r = 142 + -140. What is the remainder when 12 is divided by r?
0
Let k(n) = -n**2 + 4*n. Let w be k(4). Suppose 114*g - 112*g - 146 = w. Calculate the remainder when g is divided by 15.
13
Suppose -5*d + 17 = -8. Let o = -14 + d. Let n = -7 - o. Calculate the remainder when 3 is divided by n.
1
Suppose 5*g = -2*q - q + 1270, 2*g - 4*q = 534. What is the remainder when g is divided by 29?
25
Let z(j) = j + 9. Let f(s) = s**3 - 14*s**2 + s. Let a(w) = -4*w - 6. Let t be a(-5). What is the remainder when f(t) is divided by z(-4)?
4
Suppose 3*v - 143 = -50. Let r = 32 + -27. Suppose w + r*z - 13 = 0, w - v = -0*w + 4*z. What is the remainder when 67 is divided by w?
21
Let p(v) = 194*v - 4. Let j be p(2). Suppose j = 5*f + 104. Let q = 46 + -17. Calculate the remainder when f is divided by q.
27
Suppose -67 = -f - 12. Let t = 49 + -35. Calculate the remainder when f is divided by t.
13
What is the remainder when 26 is divided by ((-1)/2)/((-9)/144)?
2
Calculate the remainder when 103 is divided by 8/((-24)/(-1)) + 321/9.
31
Suppose -620 - 73 = -9*f. Suppose 0 = -h - 0*h - 4*n + f, -5*h = -2*n - 429. What is the remainder when h is divided by 11?
8
Let y(d) = d**2 - 3*d - 76. What is the remainder when 107 is divided by y(-10)?
53
Suppose -40 = -4*j + 52. Suppose -3*o + 69 = -75. Suppose -o = -11*t + 5*t. Calculate the remainder when j is divided by t.
7
Let d(s) = -s - 4. Let p be (-282)/42 - 2/7. Let k be d(p). Calculate the remainder when 31 is divided by k + (1 - -9)/2.
7
Let h(a) = a + 12. Let d = -80 - -83. Calculate the remainder when h(-6) is divided by d.
0
Let x(b) be the first derivative of b**3/3 + 13*b**2/2 - 41*b + 2. Calculate the remainder when x(-17) is divided by (2/5)/(2/50).
7
Let h = -26 - -54. Suppose -3*y + h = 4*d, 4*y + 2*d + 6 = 30. Let m = -98 + 104. What is the remainder when m is divided by y?
2
Let x(a) = 46*a**2 - 24*a + 51. Calculate the remainder when x(2) is divided by 48.
43
Let c(u) = u**2 - 6*u + 12. Let s be c(7). Suppose -s + 3 = -4*o. Let q(g) = 11*g. Calculate the remainder when q(o) is divided by 9.
8
Suppose -26*a - 51 = -29*a. What is the remainder when a is divided by 3?
2
Suppose 5*x - 2*x - 18 = -4*b, 4*b = -x + 14. Suppose -b*h + h - 250 = -4*a, -5*h - 305 = -5*a. Calculate the remainder when a is divided by 14.
8
Suppose 4*j = 3*n - 16, n = -3*n + 4*j + 20. Suppose -n*q + 3*o - 11 = 2*o, -o - 4 = q. Calculate the remainder when (-4 - -1 - q) + 17 is divided by 10.
7
Let h = 19 - 19. Suppose h = 4*i + k - 63, i + i + 3*k = 29. What is the remainder when 30 is divided by i?
14
Suppose -19*j = -8*j - 121. What is the remainder when 219 is divided by j?
10
Suppose 38 = -2*c + 70. Calculate the remainder when c is divided by 9.
7
Suppose -82 = 2*w - 354. Calculate the remainder when 98 is divided by (9/6)/(6/w).
30
Let u = -43 + 15. Let q = u - -29. Let r = 11 + -10. Calculate the remainder when r is divided by q.
0
Suppose 7*i + 2*i = 945. Calculate the remainder when i is divided by 18.
15
Suppose -4620 = -30*l + 240. What is the remainder when l is divided by 82?
80
Suppose 4*c + 2*z = 4, 4*z = -c - 12 - 1. Suppose s - c*k + 5 = -s, -5*s + k + 20 = 0. What is the remainder when 12 is divided by s?
2
Let g(w) = -20*w + 5. Let h be g(1). What is the remainder when 16 is divided by (6/(-2))/(9/h)?
1
Let l(q) = 2*q**2 - 8*q + 1. Let g be l(8). Suppose -2*f - 19 + g = 0. What is the remainder when 68 is divided by f?
22
Let b(w) = -3*w**2 - 36*w + 150. Calculate the remainder when b(-14) is divided by 32.
2
Let h(j) = -j**2 + 5*j - 18. Let w be h(4). Let b be (-3)/1 - (-4)/(-2). Let l = b - w. What is the remainder when l is divided by 6?
3
What is the remainder when 218 is divided by 2*9/90 + (-548)/(-10)?
53
Suppose 0 = -181*t + 16189 - 1528. Suppose 4*s = -4*i + 76, 52 = 4*s - 4*i + 16. Calculate the remainder when t is divided by s.
11
Suppose -9*o + 778 = 94. What is the remainder when o is divided by 27?
22
Let k = 75 - 56. Let n = -13 + 86. What is the remainder when n is divided by k?
16
Suppose 3 = y - 7. Let k(g) = g**3 + g**2 + g - 1. Let o be k(1). Suppose -51 = -o*m - 3*d, -3*m + 78 = 4*d - d. What is the remainder when m is divided by y?
7
Suppose -174 = -4*m + 4*d + 210, -4*m = 5*d - 411. Calculate the remainder when m is divided by 28.
15
Let y(c) = -c**2 + 9*c + 5. Let z be (4/4)/((-1)/(-4)). Calculate the remainder when (-3 - 11)/(z/(-2)) is divided by y(9).
2
Suppose 5*i = -201 + 31. Let g(z) = z**3 + 14*z**2 - 10*z + 20. Let q be g(-15). Let f = i - q. Calculate the remainder when 82 is divided by f.
19
Suppose -6*l = -4*l + 4. Let o be 0/1 + l + 9. Calculate the remainder when 2 is divided by (8/28 + 0)*o.
0
Let q(l) = -l**3 + 15*l**2 - 14*l - 17. Let x be q(14). Let a = -1 - x. What is the remainder when 94 is divided by a?
14
Let n(h) = 2*h**3 + 29*h**2 + 9*h + 33. Let a be n(-14). Let k = 114 - a. What is the remainder when 39 is divided by k?
6
Suppose 2*h = y + 17, -y + 28 = 3*h - 0*h. Suppose -2*i + 5*q = -85, 3*i + 3*q - 61 = i. Calculate the remainder when i is divided by h.
8
Let l be (-2 + -784)*4/(-8). Suppose g + l = 4*g. Suppose 5*w = 3*p + g, -2*p - p = w - 37. Calculate the remainder when w is divided by 15.
13
Calculate the remainder when 147 is divided by ((-6)/(-18)*0)/2 + 38.
33
Let o = -609 - -708. What is the remainder when o is divided by 17?
14
Suppose 4 = 